atest common divisor of 22 and h.
11
Let m be ((-139)/(-278))/(((-1)/(-8498))/1). Calculate the highest common divisor of m and 7.
7
Let k be 13/((-78)/(-12)) + 1118. What is the highest common factor of k and 360?
40
Let p = -285 + 505. Let s(d) = d**2 + d - 39. Let t be s(6). Suppose -p - 236 = -t*z. Calculate the greatest common divisor of 19 and z.
19
Let f be 1*32/(-6)*3/(-2). Suppose 8*l = -f*l + 96. What is the greatest common factor of l and 72?
6
Let h(v) = 168*v**3 + v + 2. Let a be h(-1). Let r = 195 + a. What is the greatest common divisor of 28 and r?
28
Suppose 5*c - 221 = 3*m + 35, -5*c + 2*m = -254. Let g = 26 + -22. Suppose -g*w + 1376 = 376. What is the greatest common divisor of w and c?
50
Suppose -23*k + 21*k + 380 = 4*t, 4*t - 182 = -k. Calculate the greatest common factor of 858 and k.
66
Let w(h) = 4*h**3 - 3 - 3 - h**2 - 4*h - h**3. Let d be w(-4). Let c be (-5)/25 + d/(-15). Calculate the greatest common divisor of 65 and c.
13
Let a be 2/((-9)/(-432)*8). Let b(n) = n**3 - 11*n**2 - 12*n + 9. Let o be b(a). Calculate the highest common divisor of 51 and o.
3
Let c be (11 - 14) + 11/(22/2172). Calculate the greatest common divisor of c and 228.
57
Let w(g) = -2*g**3 - 21*g**2 + 29*g - 8. Let v = -138 + 126. Let q be w(v). What is the greatest common divisor of 57 and q?
19
Let y(w) = -40*w + 1. Let j be y(-3). Let n(m) = -68*m - 3457. Let d be n(-51). Calculate the highest common factor of j and d.
11
Suppose 2*u - g - 270 = 0, 536*u - 539*u - 5*g + 392 = 0. Calculate the greatest common factor of u and 469.
67
Suppose 0 = 169*u - 307*u - 267*u + 3278880. What is the highest common factor of u and 64?
32
Suppose -3*f + 12 = 4*z, -4*z + 2 = 4*f - 10. What is the highest common factor of 12 and z?
3
Suppose -171*t + 7623 + 700 + 398 = 0. What is the greatest common divisor of 289 and t?
17
Suppose 143*v + 31*v - 48024 = 0. Calculate the greatest common divisor of v and 4.
4
Let r = -17 - -30. Let k = -33969 - -34502. Calculate the greatest common divisor of r and k.
13
Let u be (-46)/(-138) - ((-2)/(-6) - 0). Suppose -3*z + 7*z - 164 = u. Let b = 55 - z. Calculate the greatest common factor of 42 and b.
14
Let l(y) = 1 + 19 + 24*y + 2*y**2 - 18 + 62 + y**2. Let a be l(-24). What is the highest common divisor of 76 and a?
76
Suppose 3*c + n - 265 = 0, 385 = 4*c + n - 6*n. Let v = c + 38. What is the highest common factor of v and 16?
16
Let c(a) = 220*a**2 - 15*a + 4. Let w be c(2). What is the greatest common divisor of 2 and w?
2
Let z = 1458 + -1017. Suppose 20*k = 409 + 851. What is the greatest common divisor of k and z?
63
Suppose 0 = 4*p + 4, 0 = 2*z - 4*p + 7 + 11. Let x(i) = -9*i - 90. Let h be x(z). Calculate the highest common divisor of h and 432.
9
Let z = -20685 - -21053. What is the highest common factor of 176 and z?
16
Let x(s) = s**2 - 5*s - 11. Let d be x(-2). Suppose -d*y + a + 31 = 0, 4*y + 2*a - 26 = 32. Calculate the greatest common factor of y and 96.
12
Suppose 0 = -4*z + 20*o - 26*o + 89750, 0 = 4*z - 3*o - 89687. Calculate the greatest common factor of z and 41.
41
Let g(p) = -2*p + 4. Let h be g(-11). Let n = 7201 - 7136. Calculate the highest common factor of h and n.
13
Let o(h) = -h + 3*h - 2 + 2 - 2 + 6*h**2. Let f be o(2). Suppose 0 = 21*n - 19*n - 130. Calculate the greatest common divisor of n and f.
13
Let l be (-1 + 173)/((-5)/(-25)). Let h = -852 + l. Calculate the greatest common factor of 24 and h.
8
Suppose 895 = -59*z + 1426. Let v = -9 - -100. Suppose -4*f + 3*s = -92 - v, -5*s = 3*f - 130. Calculate the highest common factor of f and z.
9
Let o be ((-3022)/16)/(-1) - 17/(-136). Calculate the highest common factor of o and 287.
7
Suppose -g + 158 = 2*n - 2, 0 = -3*g - n + 500. Suppose -10*y + 16*y = g. What is the highest common factor of y and 84?
28
Suppose 47670 = -18*p + 39*p. Let h be (4/(-6))/(1 - p/2268). Calculate the highest common divisor of 28 and h.
28
Let u(v) = -v**3 - 12*v**2 - 24*v - 21. Let a be u(-10). Let n(t) = -t**3 + 19*t**2 + 9*t - 35. Let z be n(a). Calculate the greatest common factor of z and 51.
17
Suppose 3*o - 19 = -z + 4, 0 = -3*z - 4*o + 49. Suppose 209 = 95*r - 94*r. Suppose -3*s + 88 = -r. Calculate the greatest common factor of s and z.
11
Suppose 5*h - 10 = 4*h. Suppose h*m + 40 = 12*m. Let c be 20/(-8)*(-128)/m. Calculate the greatest common divisor of c and 112.
16
Suppose 0 = 2*l + 15*a - 81, l + 4*a = 281 - 237. Let z = -1 - -4. Calculate the highest common factor of z and l.
3
Let f be ((-1140)/18)/((-12)/54). What is the greatest common divisor of 1083 and f?
57
Let h(m) = m**3 - 15*m**2 + 18*m - 55. Let g be -3 - 1 - (21 - 39). Let n be h(g). What is the highest common divisor of 16 and n?
1
Let t = 136 + -173. Let a = t + 40. What is the highest common factor of a and 15?
3
Suppose 963 = 4*w - 325. Let r(n) = 7*n - 6*n - 27*n + 11*n**2 - 54 - 6 + 10. Let a be r(-2). What is the highest common factor of w and a?
46
Let o be 3/(1/((-2)/(-2))). Let f be (-9)/(-189)*7*-678. Let g be f/(-3)*o + -1. What is the greatest common divisor of 15 and g?
15
Let q be (832/24)/((-3)/(-9)). Suppose 0 = q*r - 108*r + 8. Calculate the greatest common divisor of r and 15.
1
Let h(x) = -5*x - 49. Let o be h(-7). Let p be (4 - (-152)/(-28))*o. Let k = 38 + -33. What is the greatest common factor of k and p?
5
Suppose -2*u = -1 - 3. Let f(c) = 118*c - 12. Let g be f(u). Suppose -10*p = -11*p + g. Calculate the greatest common divisor of p and 28.
28
Let h be (-2)/8 - (-1234)/8. Suppose -176 = -12084*c + 12080*c. What is the greatest common divisor of h and c?
22
Let j = 5 - 1. Suppose -j*l = 3*w - 0*w - 9, -4*w + 12 = 0. Suppose a - 12 = -5*s, -5*s = -3*a - l*s - 4. Calculate the highest common factor of 1 and a.
1
Let v(x) = -13*x - 541. Let o be v(-43). What is the highest common factor of 369 and o?
9
Suppose 4*k + 24 = 0, -2*g + 20*k + 652 = 24*k. What is the greatest common divisor of 16562 and g?
338
Let y(m) = -m + 3. Let o(k) = -51*k + 8. Let h(c) = o(c) - 4*y(c). Let i be h(-1). Calculate the greatest common divisor of i and 731.
43
Suppose -f + 6*f = 90. Suppose 0 = 13*s + 16*s - 116. Suppose s*m - 31 + 7 = 0. Calculate the highest common factor of f and m.
6
Let t be (102 + -84)*((-1)/(-2) - 0). What is the highest common divisor of 1791 and t?
9
Let h = 2577 + -1213. Calculate the highest common divisor of h and 176.
44
Let a(y) = -59*y**3 + 3*y**2 + 7*y + 1. Let r be a(-1). What is the highest common divisor of r and 40?
8
Let x(m) = -5*m + 1073 - 879 + 12*m. Let h be x(-26). Calculate the highest common divisor of h and 96.
12
Let o(b) = -2*b - 43. Let c be o(-24). Suppose 0 = -10*z + c*z + 420. Calculate the greatest common factor of z and 378.
42
Let w(m) = 3*m**2 + 2*m - 160. Let a be w(-35). What is the greatest common factor of a and 65?
65
Let r = 2385 + -1692. Let j = r - 373. Suppose 0*g - j = -2*g. Calculate the greatest common factor of 32 and g.
32
Let v(j) = j**3 - 9*j**2 - 10*j + 28. Let l be v(9). Let m be 2*1 + (54/(-6) - l). What is the greatest common divisor of 10 and m?
5
Let h = -20 + 22. Let d be (116/(-174))/(h/(-6) - 0). Suppose -5*t = -2*p - 0*t + 49, 0 = d*p + 5*t - 39. Calculate the greatest common divisor of 22 and p.
22
Suppose 0 = -246*q + 176*q + 420. What is the highest common factor of q and 375?
3
Let c be 3/(12/430) + 4/8. Suppose 120*v - 5265 = 81*v. What is the highest common factor of c and v?
27
Let s(z) = 43*z**2 - 14*z + 12. Let g be s(-5). Calculate the greatest common divisor of g and 104.
13
Let q be 1998/16 - (-1)/8. What is the highest common factor of q and 900?
25
Let y = 4202 - 4082. Calculate the greatest common divisor of y and 210.
30
Let o = 6111 + -5719. What is the greatest common factor of o and 32?
8
Let f be 4*(-7)/77 + (-7968)/(-132) + -4. Let v = -98 + 138. What is the greatest common factor of f and v?
8
Suppose -2*b = 2, b - 795 + 48 = -4*i. Calculate the greatest common factor of 272 and i.
17
Let t(i) = -i**2 - 14*i - 18. Let a be t(-5). Suppose 54*c = 57*c - a. Suppose c*v - 693 = 2*v. Calculate the greatest common factor of 9 and v.
9
Let x be 357*(-16)/(-4) + (12 - 18). What is the highest common divisor of 18 and x?
18
Let g = -27 + 31. Suppose -2*c = 2*d - d + 33, 2*d - 78 